en millions digit of 832815980?
3
What is the hundred thousands digit of 299044843?
0
What is the millions digit of 180697940?
0
What is the thousands digit of 38115249?
5
What is the hundred millions digit of 6067454376?
0
What is the thousands digit of 1649743740?
3
What is the hundreds digit of 86924884?
8
What is the millions digit of 321221698?
1
What is the ten thousands digit of 1388509237?
0
What is the ten thousands digit of 82595911?
9
What is the hundred thousands digit of 820778962?
7
What is the millions digit of 347367479?
7
What is the units digit of 919822890?
0
What is the thousands digit of 97970235?
0
What is the units digit of 55766526?
6
What is the hundreds digit of 2336079998?
9
What is the hundreds digit of 73987950?
9
What is the hundred millions digit of 842440099?
8
What is the hundred thousands digit of 415347063?
3
What is the millions digit of 1048479244?
8
What is the billions digit of 2665420973?
2
What is the hundred thousands digit of 222246164?
2
What is the thousands digit of 14332437?
2
What is the hundreds digit of 620637390?
3
What is the hundred millions digit of 151084850?
1
What is the hundred millions digit of 470885256?
4
What is the ten thousands digit of 768838525?
3
What is the units digit of 380735605?
5
What is the tens digit of 97880444?
4
What is the thousands digit of 329851423?
1
What is the thousands digit of 58482097?
2
What is the units digit of 6073822458?
8
What is the millions digit of 3868237922?
8
What is the thousands digit of 230068029?
8
What is the units digit of 66170549?
9
What is the units digit of 42796829?
9
What is the hundreds digit of 2564647523?
5
What is the millions digit of 102773713?
2
What is the units digit of 55563668?
8
What is the ten thousands digit of 6725549136?
4
What is the millions digit of 1855154036?
5
What is the millions digit of 53843091?
3
What is the billions digit of 1794030404?
1
What is the hundreds digit of 2451569373?
3
What is the tens digit of 870208171?
7
What is the thousands digit of 479048607?
8
What is the hundred millions digit of 1439871531?
4
What is the units digit of 487076374?
4
What is the ten thousands digit of 65999574?
9
What is the ten thousands digit of 1161817169?
1
What is the units digit of 3364781788?
8
What is the ten millions digit of 4372477287?
7
What is the hundreds digit of 29397892?
8
What is the thousands digit of 1288397892?
7
What is the hundreds digit of 273309611?
6
What is the hundred millions digit of 296538790?
2
What is the hundred thousands digit of 563148660?
1
What is the units digit of 1271278871?
1
What is the hundred thousands digit of 2833884856?
8
What is the ten thousands digit of 4049492143?
9
What is the millions digit of 312035933?
2
What is the ten thousands digit of 142823109?
2
What is the millions digit of 249460002?
9
What is the billions digit of 1111580901?
1
What is the units digit of 7274482?
2
What is the hundred thousands digit of 490822211?
8
What is the hundred thousands digit of 51422106?
4
What is the units digit of 73375279?
9
What is the tens digit of 36122951?
5
What is the ten millions digit of 74315705?
7
What is the ten thousands digit of 29452302?
5
What is the thousands digit of 91750207?
0
What is the ten millions digit of 100385303?
0
What is the units digit of 33124613?
3
What is the ten thousands digit of 561348971?
4
What is the hundred millions digit of 4952023074?
9
What is the hundreds digit of 2485434136?
1
What is the ten thousands digit of 32885739?
8
What is the units digit of 3191462320?
0
What is the ten thousands digit of 1688291081?
9
What is the billions digit of 2373960691?
2
What is the ten millions digit of 546222358?
4
What is the units digit of 13596256?
6
What is the tens digit of 79088050?
5
What is the tens digit of 7565947?
4
What is the hundreds digit of 266028596?
5
What is the hundred thousands digit of 2625106595?
1
What is the billions digit of 1328239976?
1
What is the thousands digit of 123494506?
4
What is the ten millions digit of 463120507?
6
What is the hundred millions digit of 251249314?
2
What is the millions digit of 1631634561?
1
What is the hundreds digit of 22285504?
5
What is the ten thousands digit of 88150605?
5
What is the units digit of 57522054?
4
What is the hundred thousands digit of 104262620?
2
What is the ten thousands digit of 15198861?
9
What is the ten millions digit of 671492913?
7
What is the units digit of 34986195?
5
What is the thousands digit of 32353125?
3
What is the hundred millions digit of 1670534840?
6
What is the tens digit of 105275247?
4
What is the hundred millions digit of 1066600959?
0
What is the hundred thousands digit of 130835559?
8
What is the thousands digit of 279820422?
0
What is the thousands digit of 84576377?
6
What is the hundred thousands digit of 6066264903?
2
What is the ten millions digit of 62006112?
6
What is the hundred millions digit of 126261246?
1
What is the thousands digit of 128841296?
1
What is the hundreds digit of 2657533669?
6
What is the hundred millions digit of 595632747?
5
What is the units digit of 2052652767?
7
What is the ten thousands digit of 657729435?
2
What is the hundred thousands digit of 144771651?
7
What is the ten thousands digit of 21931701?
3
What is the ten thousands digit of 3478583399?
8
What is the hundreds digit of 680240706?
7
What is the thousands digit of 215549837?
9
What is the ten millions digit of 3240583999?
4
What is the thousands digit of 786439165?
9
What is the hundred thousands digit of 681491676?
4
What is the hundred millions digit of 540406721?
5
What is the units digit of 398027534?
4
What is the units digit of 9013024?
4
What is the hundred thousands digit of 3653401963?
4
What is the ten thousands digit of 2330213916?
1
What is the tens digit of 182521610?
1
What is the ten thousands digit of 8659050272?
5
What is the ten millions digit of 39240265?
3
What is the hundreds digit of 76041027?
0
What is the tens digit of 122046399?
9
What is the ten thousands digit of 2603537?
0
What is the units digit of 6612689?
9
What is the hundred millions digit of 1525791630?
5
What is the tens digit of 710840285?
8
What is the hundred thousands digit of 23921733?
9
What is the millions digit of 52928342?
2
What is the hundred thousands digit of 19707135?
7
What is the units digit of 854719?
9
What is the tens digit of 1382643302?
0
What is the millions digit of 113902870?
3
What is the hundred millions digit of 556332136?
5
What is the units digit of 89028636?
6
What is the hundreds digit of 84486169?
1
What is the ten millions digit of 1084876490?
8
What is the ten millions digit of 84676832?
8
What is the hundreds digit of 102283263?
2
What is the units digit of 1384708044?
4
What is the hundred thousands digit of 58524245?
5
What is the units digit of 574270169?
9
What is the hundred millions digit of 310802455?
3
What is the units digit of 135345559?
9
What is the millions digit of 272467779?
2
What is the hundred thousands digit of 6355259390?
2
What is the hundred thousands digit of 68579458?
5
What is the millions digit of 4594432862?
4
What is the hundred thousands digit of 23935017?
9
What is the ten millions digit of 4603141060?
0
What is the hundred thousands digit of 1602736783?
7
What is the thousands digit of 227906475?
6
What is the millions digit of 144821090?
4
What is the thousands digit of 2135850739?
0
What is the tens digit of 42133946?
4
What is the thousands digit of 4006172322?
2
What is the millions digit of 511026735?
1
What is the millions digit of 60299516?
0
What is the ten millions digit of 620910390?
2
What is the units digit of 26645085?
5
What is the tens digit of 771682508?
0
What is the ten millions digit of 101188319?
0
What is the ten thousands digit of 277090198?
9
What is the hundreds digit of 479870967?
9
What is the millions digit of 217476786?
7
What is the hundreds digit of 567781302?
3
What is the units digit of 296223407?
7
What is the thousands digit of 1762927071?
7
What is the hundred thousands digit of 77738877?
7
What is the hundreds digit of 31980485?
4
What is the hundreds digit of 74436509?
5
What is the ten thousands digit of 76810378?
1
What is the hundreds digit of 926837?
8
What